{"id":71,"date":"2016-06-05T11:56:35","date_gmt":"2016-06-05T09:56:35","guid":{"rendered":"http:\/\/editionsdupetitcaveau.com\/wordpress\/?page_id=71"},"modified":"2020-04-11T11:39:07","modified_gmt":"2020-04-11T09:39:07","slug":"liens","status":"publish","type":"page","link":"https:\/\/editionsdupetitcaveau.com\/wordpress\/liens\/","title":{"rendered":"Liens"},"content":{"rendered":"<p>Si vous d\u00e9sirez lier mon site au votre, n\u2019h\u00e9sitez pas \u00e0 me pr\u00e9venir par maiil: <a href=\"mailto:%20%3Cscript%20language='JavaScript'%20type='text\/javascript'%3E%20%3C!--%20var%20prefix%20=%20'mailto:';%20var%20suffix%20=%20'';%20var%20attribs%20=%20'';%20var%20path%20=%20'hr'%20+%20'ef'%20+%20'=';%20var%20addy70468%20=%20'ambre'%20+%20'@';%20addy70468%20=%20addy70468%20+%20'ambredubois'%20+%20'.'%20+%20'com';%20document.write(%20'%3Ca%20'%20+%20path%20+%20'\\''%20+%20prefix%20+%20addy70468%20+%20suffix%20+%20'\\''%20+%20attribs%20+%20'%3E'%20);%20document.write(%20addy70468%20);%20document.write(%20'%3C\\\/a%3E'%20);%20\/\/--%3E%20%3C\/script%3E%3Cscript%20language='JavaScript'%20type='text\/javascript'%3E%20%3C!--%20document.write(%20'%3Cspan%20style=\\'display:%20none;\\'%3E'%20);%20\/\/--%3E%20%3C\/script%3ECette%20adresse%20email%20est%20prot\u00e9g\u00e9e%20contre%20les%20robots%20des%20spammeurs,%20vous%20devez%20activer%20Javascript%20pour%20la%20voir.%20%3Cscript%20language='JavaScript'%20type='text\/javascript'%3E%20%3C!--%20document.write(%20'%3C\/'%20);%20document.write(%20'span%3E'%20);%20\/\/--%3E%20%3C\/script%3E\">ambre[@]ambredubois.com<\/a> (sans les crochets), nous pourrons ainsi \u00e9changer nos banni\u00e8res.<br \/>\nVous pouvez \u00e9galement utiliser cette adresse pour me contacter pour tout autre chose.Voici quelques banni\u00e8res possibles pour lier ce site (merci \u00e0 Roci et Sigmund pour leurs cr\u00e9ations):\u00a0<img loading=\"lazy\" decoding=\"async\" class=\"aligncenter size-medium wp-image-252\" src=\"http:\/\/editionsdupetitcaveau.com\/wordpress\/wp-content\/uploads\/2020\/04\/banniere-300x62.jpg\" alt=\"\" width=\"300\" height=\"62\" srcset=\"https:\/\/editionsdupetitcaveau.com\/wordpress\/wp-content\/uploads\/2020\/04\/banniere-300x62.jpg 300w, https:\/\/editionsdupetitcaveau.com\/wordpress\/wp-content\/uploads\/2020\/04\/banniere.jpg 505w\" sizes=\"auto, (max-width: 300px) 100vw, 300px\" \/><\/p>\n<p><strong><img loading=\"lazy\" decoding=\"async\" class=\"aligncenter size-full wp-image-253\" src=\"http:\/\/editionsdupetitcaveau.com\/wordpress\/wp-content\/uploads\/2020\/04\/petit1.gif\" alt=\"\" width=\"100\" height=\"35\" \/><\/strong><\/p>\n<p><img loading=\"lazy\" decoding=\"async\" class=\"aligncenter size-full wp-image-255\" src=\"http:\/\/editionsdupetitcaveau.com\/wordpress\/wp-content\/uploads\/2020\/04\/petit2.gif\" alt=\"\" width=\"100\" height=\"35\" \/><\/p>\n<p>Je vous rappelle que l&rsquo;adresse du site est: <a href=\"http:\/\/www.ambredubois.com\/\">http:\/\/www.ambredubois.com<\/a><\/p>\n<p class=\"head\"><em><strong>Sites de maisons d&rsquo;\u00e9ditions<\/strong><\/em><\/p>\n<p><strong>Le Petit Caveau<\/strong><br \/>\n<a href=\"http:\/\/www.editionsdupetitcaveau.com\/\"><img decoding=\"async\" src=\"http:\/\/www.editionsdupetitcaveau.com\/images\/banniere.gif\" border=\"0\" \/><\/a><br \/>\n<em>Maison d&rsquo;\u00e9dition sp\u00e9cialis\u00e9e dans les publications vampiriques<\/em><\/p>\n<p class=\"head\"><em><strong>Sites officiels d&rsquo;auteurs<\/strong><\/em><\/p>\n<p><strong>Rose Berryl<\/strong><br \/>\n<img loading=\"lazy\" decoding=\"async\" class=\"aligncenter size-full wp-image-256\" src=\"http:\/\/editionsdupetitcaveau.com\/wordpress\/wp-content\/uploads\/2020\/04\/roseberryl.gif\" alt=\"\" width=\"287\" height=\"92\" \/><br \/>\n<em>Le site officiel de l&rsquo;auteur de la grande saga \u00ab\u00a0Damenndyn\u00a0\u00bb. Si vous aimez les univers fantastiques et la fantasy, ne passez pas \u00e0 c\u00f4t\u00e9 de ses romans! <\/em><\/p>\n<p><strong>Virginia Schilli<\/strong><br \/>\n<img loading=\"lazy\" decoding=\"async\" class=\"aligncenter size-medium wp-image-257\" src=\"http:\/\/editionsdupetitcaveau.com\/wordpress\/wp-content\/uploads\/2020\/04\/virginia-300x38.gif\" alt=\"\" width=\"300\" height=\"38\" \/><br \/>\n<em>Le site personnel de l&rsquo;auteur de \u00ab\u00a0Par le sang du d\u00e9mon\u00a0\u00bb, une tr\u00e8s belle histoire de vampire \u00e0 l&rsquo;\u00e9poque moyennageuse <\/em><\/p>\n<p><strong>Estelle Valls de Gomis<\/strong><br \/>\n<img loading=\"lazy\" decoding=\"async\" class=\"aligncenter size-medium wp-image-258\" src=\"http:\/\/editionsdupetitcaveau.com\/wordpress\/wp-content\/uploads\/2020\/04\/estelle-300x38.jpg\" alt=\"\" width=\"300\" height=\"38\" srcset=\"https:\/\/editionsdupetitcaveau.com\/wordpress\/wp-content\/uploads\/2020\/04\/estelle-300x38.jpg 300w, https:\/\/editionsdupetitcaveau.com\/wordpress\/wp-content\/uploads\/2020\/04\/estelle.jpg 468w\" sizes=\"auto, (max-width: 300px) 100vw, 300px\" \/><br \/>\n<em>Le site personnel de l&rsquo;auteur de plusieurs magnifiques romans fantastiques. Ses oeuvres sont vraiment formidables, n&rsquo;h\u00e9sitez pas \u00e0 d\u00e9couvrir \u00ab\u00a0Des roses et des monstres\u00a0\u00bb ou \u00ab\u00a0Les gentlemen de l&rsquo;\u00e9trange\u00a0\u00bb <\/em><\/p>\n<p><strong>Celine Guillaume<\/strong><br \/>\n<em>Le site personnel de l&rsquo;auteur de plusieurs romans romantico-fantastiques dont \u00ab\u00a0La Perle d&rsquo;\u00e9ternit\u00e9\u00a0\u00bb et \u00ab\u00a0Le serment de Cassandra\u00a0\u00bb <\/em><\/p>\n<p><strong>Franck Ferric<\/strong><br \/>\n<img loading=\"lazy\" decoding=\"async\" class=\"aligncenter size-medium wp-image-259\" src=\"http:\/\/editionsdupetitcaveau.com\/wordpress\/wp-content\/uploads\/2020\/04\/franck-300x33.gif\" alt=\"\" width=\"300\" height=\"33\" \/><br \/>\n<em>BLACK FLAG: Le site personnel de l&rsquo;auteur Franck Ferric, auteur de nombreuses nouvelles et dont le recueil \u00ab\u00a0Les Marches Nocturnes\u00a0\u00bb est paru chez Nuit d&rsquo;Avril <\/em><\/p>\n<p><strong>Pascal Berthe<\/strong><br \/>\n<img loading=\"lazy\" decoding=\"async\" class=\"aligncenter size-full wp-image-260\" src=\"http:\/\/editionsdupetitcaveau.com\/wordpress\/wp-content\/uploads\/2020\/04\/pascalberthe.gif\" alt=\"\" width=\"143\" height=\"107\" \/><br \/>\n<em>Le site personnel de l&rsquo;auteur Pascal Berthe, auteur de deux romans et qui a cr\u00e9\u00e9 un site pour aider les jeunes auteurs \u00e0 se faire connaitre. <\/em><\/p>\n<p><strong>Lydie Blaizot<\/strong><br \/>\n<img loading=\"lazy\" decoding=\"async\" class=\"aligncenter size-medium wp-image-261\" src=\"http:\/\/editionsdupetitcaveau.com\/wordpress\/wp-content\/uploads\/2020\/04\/lydie-300x83.jpg\" alt=\"\" width=\"300\" height=\"83\" srcset=\"https:\/\/editionsdupetitcaveau.com\/wordpress\/wp-content\/uploads\/2020\/04\/lydie-300x83.jpg 300w, https:\/\/editionsdupetitcaveau.com\/wordpress\/wp-content\/uploads\/2020\/04\/lydie.jpg 500w\" sizes=\"auto, (max-width: 300px) 100vw, 300px\" \/><br \/>\n<em>Le site personnel de l&rsquo;auteur Lydie Blaizot. <\/em><\/p>\n<p><strong>Gilles Bizien<\/strong><br \/>\n<img loading=\"lazy\" decoding=\"async\" class=\"aligncenter size-medium wp-image-262\" src=\"http:\/\/editionsdupetitcaveau.com\/wordpress\/wp-content\/uploads\/2020\/04\/bizien-300x61.jpg\" alt=\"\" width=\"300\" height=\"61\" srcset=\"https:\/\/editionsdupetitcaveau.com\/wordpress\/wp-content\/uploads\/2020\/04\/bizien-300x61.jpg 300w, https:\/\/editionsdupetitcaveau.com\/wordpress\/wp-content\/uploads\/2020\/04\/bizien.jpg 427w\" sizes=\"auto, (max-width: 300px) 100vw, 300px\" \/><br \/>\n<em>Le blog de l&rsquo;auteur Gilles Bizien. <\/em><\/p>\n<p><strong>Aleister Danakern<\/strong><br \/>\n<a href=\"http:\/\/www.aleisterdanakern.com\/\">Le blog d&rsquo;Aleister Danakern<\/a><\/p>\n<p><strong>Merany Jubanville<\/strong><br \/>\n<img loading=\"lazy\" decoding=\"async\" class=\"aligncenter size-medium wp-image-263\" src=\"http:\/\/editionsdupetitcaveau.com\/wordpress\/wp-content\/uploads\/2020\/04\/merany-300x54.jpg\" alt=\"\" width=\"300\" height=\"54\" srcset=\"https:\/\/editionsdupetitcaveau.com\/wordpress\/wp-content\/uploads\/2020\/04\/merany-300x54.jpg 300w, https:\/\/editionsdupetitcaveau.com\/wordpress\/wp-content\/uploads\/2020\/04\/merany.jpg 400w\" sizes=\"auto, (max-width: 300px) 100vw, 300px\" \/><br \/>\n<em>Le site de Merany Jubanville. <\/em><\/p>\n<p><strong>La Boite \u00e0 Contes<\/strong><br \/>\n<img loading=\"lazy\" decoding=\"async\" class=\"aligncenter size-full wp-image-264\" src=\"http:\/\/editionsdupetitcaveau.com\/wordpress\/wp-content\/uploads\/2020\/04\/liasiteweb.jpg\" alt=\"\" width=\"300\" height=\"52\" \/><br \/>\n<em>Le site de Lia Vilor\u00eb. <\/em><\/p>\n<p class=\"head\"><em><strong>Collectif d&rsquo;auteurs<\/strong><\/em><\/p>\n<p><strong>Les enfants de Walpurgis<\/strong><br \/>\n<img loading=\"lazy\" decoding=\"async\" class=\"aligncenter size-full wp-image-265\" src=\"http:\/\/editionsdupetitcaveau.com\/wordpress\/wp-content\/uploads\/2020\/04\/walpurgisban.jpg\" alt=\"\" width=\"212\" height=\"28\" \/><br \/>\n<em>Le site d&rsquo;un collectif d&rsquo;auteurs dont je fais partie au c\u00f4t\u00e9 de Ang\u00e9lique Ferreira, Marianne Gellon, C\u00e9line Guillaume, C\u00e9cile Guillot, Alexis Lorens, Bettina Nordet, St\u00e9phane Soutoul et Vanessa Terral. <\/em><\/p>\n<p class=\"head\"><em><strong>Sites officiels d&rsquo;illustrateurs<\/strong><\/em><\/p>\n<p><strong>Anne Claire Payet<\/strong><br \/>\n<img loading=\"lazy\" decoding=\"async\" class=\"aligncenter size-full wp-image-266\" src=\"http:\/\/editionsdupetitcaveau.com\/wordpress\/wp-content\/uploads\/2020\/04\/chrysantis.jpg\" alt=\"\" width=\"192\" height=\"62\" \/><br \/>\n<em>Le site personnel d&rsquo;une prodigieuse illustratrice. Cette charmante demoiselle m&rsquo;a fait l&rsquo;honneur de r\u00e9aliser la couverture de mon premier roman. D\u00e9couvrez vite ses formidables galeries et son univers envoutant. Le fond d&rsquo;\u00e9cran est son oeuvre ^^ <\/em><\/p>\n<p><strong>Victoria Frances<\/strong><br \/>\n<img loading=\"lazy\" decoding=\"async\" class=\"aligncenter size-full wp-image-267\" src=\"http:\/\/editionsdupetitcaveau.com\/wordpress\/wp-content\/uploads\/2020\/04\/victoria.jpg\" alt=\"\" width=\"125\" height=\"160\" \/><br \/>\n<em>Une artiste que j&rsquo;adore! Son univers est une vraie source d&rsquo;inspiration pour moi. <\/em><\/p>\n<p class=\"head\"><em><strong>Sites divers<\/strong><\/em><\/p>\n<p><strong>R\u00eaveries<\/strong><br \/>\n<img loading=\"lazy\" decoding=\"async\" class=\"aligncenter size-full wp-image-269\" src=\"http:\/\/editionsdupetitcaveau.com\/wordpress\/wp-content\/uploads\/2020\/04\/roci.gif\" alt=\"\" width=\"243\" height=\"100\" \/><br \/>\n<em>Le portail des sites de la charmante demoiselle qui m&rsquo;a tant aid\u00e9 \u00e0 cr\u00e9er la nouvelle version du site. Plein de bonnes choses yaoi \u00e0 se mettre sous la dent et les yeux ^_^. <\/em><\/p>\n<p><strong>Dark Stories<\/strong><br \/>\n<img loading=\"lazy\" decoding=\"async\" class=\"aligncenter size-medium wp-image-268\" src=\"http:\/\/editionsdupetitcaveau.com\/wordpress\/wp-content\/uploads\/2020\/04\/darkstories-300x62.jpg\" alt=\"\" width=\"300\" height=\"62\" srcset=\"https:\/\/editionsdupetitcaveau.com\/wordpress\/wp-content\/uploads\/2020\/04\/darkstories-300x62.jpg 300w, https:\/\/editionsdupetitcaveau.com\/wordpress\/wp-content\/uploads\/2020\/04\/darkstories.jpg 378w\" sizes=\"auto, (max-width: 300px) 100vw, 300px\" \/><br \/>\n<em>Un site regroupant des histoires insolites, des l\u00e9gendes, des faits paranormaux. Tr\u00e8s bien document\u00e9. <\/em><\/p>\n<p><strong>Vampirisme, le Blog<\/strong><br \/>\n<img loading=\"lazy\" decoding=\"async\" class=\"aligncenter size-medium wp-image-270\" src=\"http:\/\/editionsdupetitcaveau.com\/wordpress\/wp-content\/uploads\/2020\/04\/vampirisme-300x38.jpg\" alt=\"\" width=\"300\" height=\"38\" srcset=\"https:\/\/editionsdupetitcaveau.com\/wordpress\/wp-content\/uploads\/2020\/04\/vampirisme-300x38.jpg 300w, https:\/\/editionsdupetitcaveau.com\/wordpress\/wp-content\/uploads\/2020\/04\/vampirisme.jpg 468w\" sizes=\"auto, (max-width: 300px) 100vw, 300px\" \/><br \/>\n<em>Ce site propose de nombreuses chroniques traitant de vampires: articles de fond sur les vampires, leurs caract\u00e9ristiques et l&rsquo;actualit\u00e9. Le visiteur peut laisser des commentaires, des avis. <\/em><\/p>\n<p><strong>Vampyr Boutik<\/strong><br \/>\n<img loading=\"lazy\" decoding=\"async\" class=\"aligncenter size-medium wp-image-271\" src=\"http:\/\/editionsdupetitcaveau.com\/wordpress\/wp-content\/uploads\/2020\/04\/vampyrboutik-300x38.jpg\" alt=\"\" width=\"300\" height=\"38\" srcset=\"https:\/\/editionsdupetitcaveau.com\/wordpress\/wp-content\/uploads\/2020\/04\/vampyrboutik-300x38.jpg 300w, https:\/\/editionsdupetitcaveau.com\/wordpress\/wp-content\/uploads\/2020\/04\/vampyrboutik.jpg 468w\" sizes=\"auto, (max-width: 300px) 100vw, 300px\" \/><br \/>\n<em>Un site de VPC sur lequel vous trouverez de nombreux articles fantastiques et gothiques. Ainsi qu&rsquo;une bonne s\u00e9lection de romans. <\/em><\/p>\n<p><strong>Mythologica<\/strong><br \/>\n<a href=\"http:\/\/www.mythologica.net\/\"><img decoding=\"async\" src=\"http:\/\/www.editionsdupetitcaveau.com\/images\/mytho.jpg\" border=\"0\" \/><\/a><br \/>\n<em>Un portail tr\u00e8s complet sur les sorties litt\u00e9raires fantastiques<\/em><\/p>\n<p class=\"head\"><em><strong>Annuaires<\/strong><\/em><\/p>\n<p><a href=\"http:\/\/www.annuaire-gothique.com\/\">http:\/\/www.annuaire-gothique.com<\/a><\/p>\n<p><a href=\"http:\/\/www.psychovision.net\/\">http:\/\/www.psychovision.net<\/a><\/p>\n<p><a href=\"http:\/\/www.dark-refuge.com\/\">http:\/\/www.dark-refuge.com\/<\/a><\/p>\n<p><a href=\"http:\/\/www.litterature-fantastique.info\/annuaire-gothique\/\">http:\/\/www.litterature-fantastique.info\/annuaire-gothique\/<\/a><\/p>\n<p><a href=\"http:\/\/gothic.fantasy.free.fr\/in.php?site=1190476351\" target=\"_blank\" rel=\"noopener noreferrer\"><img decoding=\"async\" src=\"http:\/\/gothic.fantasy.free.fr\/images\/vote.gif\" alt=\"Entrez dans TopSites Ombre et Lumi\u00e8re et votez pour mon site!\" border=\"0\" \/><\/a><\/p>\n<p><a href=\"http:\/\/www.lexisarte.com\/\" target=\"_blank\" rel=\"noopener noreferrer\"><img alt=\"LexisArte\" border=\"0\" \/><\/a><\/p>\n<p><span class=\"article_separator\">\u00a0<\/span><\/p>\n","protected":false},"excerpt":{"rendered":"<p>Si vous d\u00e9sirez lier mon site au votre, n\u2019h\u00e9sitez pas \u00e0 me pr\u00e9venir par maiil: ambre[@]ambredubois.com (sans les crochets), nous pourrons ainsi \u00e9changer nos banni\u00e8res. Vous pouvez \u00e9galement utiliser cette adresse pour me contacter pour tout autre chose.Voici quelques banni\u00e8res possibles pour lier ce site (merci \u00e0 Roci et Sigmund <a class=\"more-link\" href=\"https:\/\/editionsdupetitcaveau.com\/wordpress\/liens\/\">Read More&#8230;<\/a><\/p>\n","protected":false},"author":1,"featured_media":0,"parent":0,"menu_order":0,"comment_status":"closed","ping_status":"closed","template":"","meta":{"footnotes":""},"class_list":["post-71","page","type-page","status-publish","hentry"],"_links":{"self":[{"href":"https:\/\/editionsdupetitcaveau.com\/wordpress\/wp-json\/wp\/v2\/pages\/71","targetHints":{"allow":["GET"]}}],"collection":[{"href":"https:\/\/editionsdupetitcaveau.com\/wordpress\/wp-json\/wp\/v2\/pages"}],"about":[{"href":"https:\/\/editionsdupetitcaveau.com\/wordpress\/wp-json\/wp\/v2\/types\/page"}],"author":[{"embeddable":true,"href":"https:\/\/editionsdupetitcaveau.com\/wordpress\/wp-json\/wp\/v2\/users\/1"}],"replies":[{"embeddable":true,"href":"https:\/\/editionsdupetitcaveau.com\/wordpress\/wp-json\/wp\/v2\/comments?post=71"}],"version-history":[{"count":5,"href":"https:\/\/editionsdupetitcaveau.com\/wordpress\/wp-json\/wp\/v2\/pages\/71\/revisions"}],"predecessor-version":[{"id":273,"href":"https:\/\/editionsdupetitcaveau.com\/wordpress\/wp-json\/wp\/v2\/pages\/71\/revisions\/273"}],"wp:attachment":[{"href":"https:\/\/editionsdupetitcaveau.com\/wordpress\/wp-json\/wp\/v2\/media?parent=71"}],"curies":[{"name":"wp","href":"https:\/\/api.w.org\/{rel}","templated":true}]}}