{"id":65,"date":"2016-06-05T11:54:20","date_gmt":"2016-06-05T09:54:20","guid":{"rendered":"http:\/\/editionsdupetitcaveau.com\/wordpress\/?page_id=65"},"modified":"2016-06-11T09:30:41","modified_gmt":"2016-06-11T07:30:41","slug":"projets","status":"publish","type":"page","link":"https:\/\/editionsdupetitcaveau.com\/wordpress\/projets\/","title":{"rendered":"Projets"},"content":{"rendered":"<p><strong>Mes petits projets du moment<\/strong><\/p>\n<p>Actuellement, tous mes projets sont mis \u00e0 l&rsquo;arr\u00eat pour cause de probl\u00e8mes de sante&#8230;<br \/>\nN\u00e9anmoins, je ne perds pas espoir d&rsquo;un jour pouvoir \u00e9crire tous mes r\u00eaves !<\/p>\n<p>Alors, pour faire simple, parlons d&rsquo;abord de ce qui est d\u00e9j\u00e0 en route:<\/p>\n<p>Un projet commun avec l&rsquo;auteur de la saga Damenndyn, Rose Berryl&#8230; un roman \u00e9crit \u00e0 deux, avec des chapitres altern\u00e9s. La trame est en cours d&rsquo;\u00e9laboration et quelques lignes ont d\u00e9j\u00e0 \u00e9t\u00e9 \u00e9crites.<\/p>\n<p>Un roman dont seul le premier chapitre a \u00e9t\u00e9 \u00e9crit et qui prendra place dans le d\u00e9cor du \u00ab\u00a0ch\u00e2teau de Dracula\u00a0\u00bb, le ch\u00e2teau de Bran. Le r\u00e9cit mettra en sc\u00e8ne vampires, \u00eatres mal\u00e9fiques et scholomance&#8230;<br \/>\nParmi les projets qui en sont encore au stade de la v\u00e9g\u00e9tation:<\/p>\n<p>J&rsquo;ai cogit\u00e9 autour de l&rsquo;id\u00e9e d&rsquo;un roman vampirique tendance \u00e9rotique. Deux personnages m&#8217;emp\u00eachent d\u00e9j\u00e0 de dormir et je crois qu&rsquo;ils me r\u00e9servent pas mal de surprise. L&rsquo;imagination fuse dans tous les sens ^_^.<\/p>\n<p>Autre id\u00e9e qui me turlupine depuis un moment: faire un roman parall\u00e8le \u00e0 celui de Stoker, enfin, surtout un roman qui serait un clin d&rsquo;oeil \u00e0 cette oeuvre mais, pour l&rsquo;heure, j&rsquo;ignore encore totalement comment m&rsquo;y prendre, je ne sais pas si je vais faire une histoire originale ou inclure ce parall\u00e8le dans le cadre de la s\u00e9rie <strong>\u00ab\u00a0Les Soupirs de Londres\u00a0\u00bb<\/strong> ^_^;<\/p>\n<p><span class=\"article_separator\">\u00a0<\/span><\/p>\n","protected":false},"excerpt":{"rendered":"<p>Mes petits projets du moment Actuellement, tous mes projets sont mis \u00e0 l&rsquo;arr\u00eat pour cause de probl\u00e8mes de sante&#8230; N\u00e9anmoins, je ne perds pas espoir d&rsquo;un jour pouvoir \u00e9crire tous mes r\u00eaves ! Alors, pour faire simple, parlons d&rsquo;abord de ce qui est d\u00e9j\u00e0 en route: Un projet commun avec <a class=\"more-link\" href=\"https:\/\/editionsdupetitcaveau.com\/wordpress\/projets\/\">Read More&#8230;<\/a><\/p>\n","protected":false},"author":1,"featured_media":0,"parent":0,"menu_order":0,"comment_status":"closed","ping_status":"closed","template":"","meta":{"footnotes":""},"class_list":["post-65","page","type-page","status-publish","hentry"],"_links":{"self":[{"href":"https:\/\/editionsdupetitcaveau.com\/wordpress\/wp-json\/wp\/v2\/pages\/65","targetHints":{"allow":["GET"]}}],"collection":[{"href":"https:\/\/editionsdupetitcaveau.com\/wordpress\/wp-json\/wp\/v2\/pages"}],"about":[{"href":"https:\/\/editionsdupetitcaveau.com\/wordpress\/wp-json\/wp\/v2\/types\/page"}],"author":[{"embeddable":true,"href":"https:\/\/editionsdupetitcaveau.com\/wordpress\/wp-json\/wp\/v2\/users\/1"}],"replies":[{"embeddable":true,"href":"https:\/\/editionsdupetitcaveau.com\/wordpress\/wp-json\/wp\/v2\/comments?post=65"}],"version-history":[{"count":2,"href":"https:\/\/editionsdupetitcaveau.com\/wordpress\/wp-json\/wp\/v2\/pages\/65\/revisions"}],"predecessor-version":[{"id":141,"href":"https:\/\/editionsdupetitcaveau.com\/wordpress\/wp-json\/wp\/v2\/pages\/65\/revisions\/141"}],"wp:attachment":[{"href":"https:\/\/editionsdupetitcaveau.com\/wordpress\/wp-json\/wp\/v2\/media?parent=65"}],"curies":[{"name":"wp","href":"https:\/\/api.w.org\/{rel}","templated":true}]}}

<p><strong>Mes petits projets du moment</strong></p>
<p>Actuellement, tous mes projets sont mis à l&rsquo;arrêt pour cause de problèmes de sante&#8230;<br />
Néanmoins, je ne perds pas espoir d&rsquo;un jour pouvoir écrire tous mes rêves !</p>
<p>Alors, pour faire simple, parlons d&rsquo;abord de ce qui est déjà en route:</p>
<p>Un projet commun avec l&rsquo;auteur de la saga Damenndyn, Rose Berryl&#8230; un roman écrit à deux, avec des chapitres alternés. La trame est en cours d&rsquo;élaboration et quelques lignes ont déjà été écrites.</p>
<p>Un roman dont seul le premier chapitre a été écrit et qui prendra place dans le décor du « château de Dracula », le château de Bran. Le récit mettra en scène vampires, êtres maléfiques et scholomance&#8230;<br />
Parmi les projets qui en sont encore au stade de la végétation:</p>
<p>J&rsquo;ai cogité autour de l&rsquo;idée d&rsquo;un roman vampirique tendance érotique. Deux personnages m&#8217;empêchent déjà de dormir et je crois qu&rsquo;ils me réservent pas mal de surprise. L&rsquo;imagination fuse dans tous les sens ^_^.</p>
<p>Autre idée qui me turlupine depuis un moment: faire un roman parallèle à celui de Stoker, enfin, surtout un roman qui serait un clin d&rsquo;oeil à cette oeuvre mais, pour l&rsquo;heure, j&rsquo;ignore encore totalement comment m&rsquo;y prendre, je ne sais pas si je vais faire une histoire originale ou inclure ce parallèle dans le cadre de la série <strong>« Les Soupirs de Londres »</strong> ^_^;</p>
<p><span class="article_separator"> </span></p>

<p>Mes petits projets du moment Actuellement, tous mes projets sont mis à l&rsquo;arrêt pour cause de problèmes de sante&#8230; Néanmoins, je ne perds pas espoir d&rsquo;un jour pouvoir écrire tous mes rêves ! Alors, pour faire simple, parlons d&rsquo;abord de ce qui est déjà en route: Un projet commun avec <a class="more-link" href="https://editionsdupetitcaveau.com/wordpress/projets/">Read More&#8230;</a></p>
